*f - 25 = 0. Let y be 1/(-3) + k/6. What is the highest common divisor of 176 and y?
16
Let s(n) = 22*n - 847. Let q be s(42). What is the highest common factor of q and 7?
7
Let a = 462 + -410. What is the greatest common divisor of 8 and a?
4
Suppose 0 = -5*q + 3*m + 19 + 8, 0 = 3*q + 2*m - 1. Suppose -5*w = -5*j - 16 - 19, 5*w = -3*j + 3. Calculate the greatest common factor of w and q.
3
Let d(y) = y**2 - 14*y - 11. Let o be d(15). Suppose -5*w + 63 = o*g, 3*w - 66 = -5*g + w. What is the highest common divisor of 8 and g?
4
Suppose 3*g - 4*t + 25 = 0, 3*g + 4*t + t = 11. Let h be g/6*-1*-70. Let s = h + 51. What is the highest common factor of s and 24?
8
Let g(q) = -q**2 + 6*q + 6. Let c be g(5). Suppose -s = -c - 7. Calculate the highest common divisor of 54 and s.
18
Suppose -v - 16 = -4*v + h, 1 = -h. Let a be (v/((-10)/14))/(-1). Suppose 3*z - a = -1. What is the highest common divisor of 18 and z?
2
Suppose -714*q + 721*q = 56. Calculate the greatest common factor of q and 12.
4
Suppose 0 = -5*d + 10*d - 35. Suppose 11*g = d*g + 20. What is the greatest common factor of 15 and g?
5
Let t = 0 - 1. Let p(u) = -32*u**3 - u - 1. Let h be p(t). Calculate the highest common factor of h and 48.
16
Suppose 2 + 0 = -2*h - 2*i, -3 = 3*i. Suppose 4*j + 3*c - 7*c - 24 = h, 3*j = -2*c + 38. Calculate the greatest common divisor of j and 130.
10
Let t be 47/94 - 95/(-2). Suppose -4*l + 2*l + 46 = 3*j, 4*l = 20. What is the greatest common factor of t and j?
12
Let a(p) = p**2 + 7*p + 10. Let o be a(-8). Let t(n) = n + 1. Let q be t(5). What is the greatest common factor of q and o?
6
Suppose -m + 73 = 3*m + j, 94 = 5*m + 4*j. What is the highest common factor of m and 126?
18
Suppose -1925 = -67*s - 116. Calculate the greatest common divisor of s and 1809.
27
Suppose -4*s = -2*s - 12. Let p be 0 - 0*(-2)/s. Suppose p = -z - z + 30. What is the greatest common divisor of z and 60?
15
Let k(o) = o**2 + 15*o + 13. Let a be k(-14). Let c be (a - (-2 + 10))*-1. Suppose -2*z = -c - 11. Calculate the greatest common divisor of z and 30.
10
Suppose 5*p - 5*d = 0, 2*d + 3 - 13 = 0. Suppose -3*f = -53 + p. What is the highest common divisor of f and 80?
16
Let b be 0 - 1 - -2 - 3. Let g = -18 - -22. Let q be -1 + (-138 + g)/b. What is the highest common divisor of q and 44?
22
Suppose -17 = -4*l - 1. Let j be (-1 + 5)*13/4. Suppose -3*n = -w + 10, -2*w + 7 + j = 2*n. Calculate the greatest common divisor of l and w.
2
Let a be -4 - 53 - (1 - 0). Let y(t) = 2*t + 12. Let u be y(-21). Let m = u - a. Calculate the highest common factor of m and 70.
14
Suppose w - 42 = -5*p + 597, 3*p - 2*w = 373. Suppose -4*m = -p - 33. Let v(c) = -3*c + 2. Let i be v(-2). What is the highest common factor of i and m?
8
Suppose -770 = -25*a - 10*a. Calculate the greatest common factor of 539 and a.
11
Suppose 0*g - 3*g = 2*g. Let o be 24/(-6) + 46 + g. Calculate the greatest common divisor of 84 and o.
42
Let i be (-3)/(-6)*-22*-1. Let u(m) = 2*m + 77. Let o be u(0). Calculate the highest common divisor of i and o.
11
Suppose -14*o + 11*o + 72 = 0. Let y = 32 - o. What is the greatest common factor of y and 32?
8
Let o = -8 + 10. Let v be (-2 + o)/(-2 - -1). Suppose -5*d - 5*c + 385 = v, d - 3*c = -2*c + 67. Calculate the greatest common factor of 8 and d.
8
Let g(j) = 136*j - 104. Let n be g(5). Calculate the greatest common factor of 108 and n.
36
Let x be (-1261)/117 - -11 - (-1508)/18. Suppose 50 = g - 6. What is the highest common divisor of x and g?
28
Suppose 4*z - z = 4*i + 133, 6 = 2*z. Let g = i - -61. Calculate the highest common divisor of g and 10.
10
Suppose 0 = -3*z + 9*z + 6. Let k be (36/(-5))/(92/(-80) - z). Calculate the highest common divisor of k and 6.
6
Let g = -16 + 6. Let y be ((-1)/(-2) - 0)*(30 + g). Let c = -11 - -16. What is the greatest common divisor of c and y?
5
Suppose -4*k - 67 - 173 = 0. Let o be ((-3)/(-2))/((-9)/k). Calculate the greatest common factor of 140 and o.
10
Let w(f) = 1271*f**3 - f. Let c be w(1). Let t be c/15 - (-5)/(15/(-2)). What is the highest common factor of 56 and t?
28
Suppose -2*u - 140 = -7*u. Suppose 3*x = -3*h + 87, 2*x - 98 = -3*h - 12. What is the highest common factor of u and h?
28
Let a be (18/4)/3 - (-13)/(-26). Let w be 4/a*(-10)/(-12)*3. What is the highest common divisor of w and 25?
5
Let d = -7 - -7. Suppose d*j = -j + 3. Suppose -15 = -j*y + 21. Calculate the greatest common factor of 12 and y.
12
Let o = 8 - 8. Suppose 4*z - 16 = -o*z. Suppose -2*s = 3*r - 335, z*s - r - 630 = r. Calculate the highest common divisor of 20 and s.
20
Suppose 0 = 5*x + 29 + 21. Let u = x - -30. What is the highest common divisor of u and 40?
20
Let x be (140/25)/(-6 - 784/(-130)). Calculate the highest common divisor of x and 78.
26
Let g = -85 - -85. Let l be 39*(-7 + 8)*(1 + g). Calculate the greatest common divisor of l and 3.
3
Let y = 194 - 96. Let c = 3 + -4. Let k be 3/c*1 - -17. Calculate the greatest common divisor of y and k.
14
Let k be 254/4 - 6/(-4). Let z = k - 37. What is the highest common divisor of z and 7?
7
Suppose -2*t + 3*z - 29 = 0, -4*z + 4 - 5 = 3*t. Let f = -62 + 92. Let u = t + f. Calculate the greatest common factor of u and 46.
23
Suppose 4*j + 4*g = 48, 0*g + 26 = 3*j - 2*g. Let b = 353 + -243. Calculate the greatest common factor of b and j.
10
Let v = -356 + 359. What is the highest common divisor of v and 33?
3
Let y be 12/78 - (-230)/26. Let d be ((-20)/6 + 4)*y. Let v be (-2)/(-2) + 1 + 0. Calculate the greatest common divisor of v and d.
2
Let o(x) = -7*x + 1. Let h be o(-5). Suppose -d - 4 = s - 3, -1 = 4*s + d. Suppose s = -2*a - 0 + 24. What is the greatest common factor of h and a?
12
Let i be (13/26)/(7/(-96))*-35. Calculate the highest common divisor of i and 144.
48
Suppose 2*q + 14 = u, 35 = -4*u + 4*q + 99. Suppose 20 = -l + 6*l. Suppose 5*d + 8*s - 466 = l*s, d - 74 = 4*s. Calculate the highest common factor of d and u.
18
Suppose 5*r - 84 - 738 = -3*y, 0 = -5*y + 4*r + 1407. What is the greatest common divisor of 36 and y?
9
Suppose 0 = 3*q - 3*r - 62 - 169, 2*r - 302 = -4*q. Calculate the highest common divisor of 1444 and q.
76
Suppose c + c - 132 = 0. Let o = 9 + -7. Suppose -v + o = -c. What is the highest common factor of 17 and v?
17
Let i(q) = 3*q + 7. Let m(v) = 2*v + 7. Let a(d) = -4*i(d) + 5*m(d). Let b be a(-4). What is the greatest common divisor of 120 and b?
15
Let b = -1497 - -1524. What is the greatest common divisor of 99 and b?
9
Suppose -4*w - 6*z + 570 = -z, -2*w + 284 = 2*z. Calculate the greatest common factor of w and 105.
35
Let j(p) = 5*p**2 - 4*p + 3. Let i be j(1). Suppose 4*x - 5*n = -0*x + 98, -i*x + 116 = 4*n. Calculate the greatest common factor of x and 297.
27
Let s(b) be the first derivative of -b**4/4 - 10*b**3/3 + b**2/2 - 3*b - 4. Let q be s(-6). Let v = q - -223. What is the greatest common factor of 14 and v?
14
Let p = 277 - 142. Calculate the highest common factor of 81 and p.
27
Suppose 0 = -162*h + 177*h - 18330. What is the highest common divisor of 26 and h?
26
Let d = 160 - 145. What is the greatest common factor of 405 and d?
15
Suppose 0 = -3*j + j + 78. Suppose -n + j = -s, -2*s + 66 = 2*n - s. Let p(g) = -105*g + 2009. Let o be p(19). What is the greatest common factor of n and o?
7
Let i(w) = 5*w**3 - 3*w + 2. Let x be i(1). Suppose -x*v = -5*z - 1013, -4*v + z = -0*z - 1009. What is the highest common divisor of 28 and v?
28
Let a = 16 - 12. Suppose -44 = -a*p - 4. Calculate the greatest common divisor of p and 20.
10
Suppose 0 = 4*g - f - 69, 2*f = 2*g - 2*f - 24. Suppose -g*y = -19*y + 4. What is the highest common divisor of y and 6?
2
Let c(q) = -q + 11. Let l be 1*8*(1 - (-9)/(-6)). Let x be c(l). What is the greatest common divisor of x and 165?
15
Let g = 532 - -798. What is the highest common factor of 140 and g?
70
Let c = 110 + -158. Let s = c + 69. What is the highest common divisor of s and 14?
7
Suppose 0 = 4*a + 4*l - 4120, -5*a - 4*l = -8*l - 5123. What is the greatest common factor of 13 and a?
13
Let d be (-6)/(-33) - 216/(-22). What is the greatest common divisor of 20 and d?
10
Let u(z) be the third derivative of 59*z**4/12 - z**3/6 + 2*z**2. Let p be u(-1). Let r be (204/p)/(4/(-70)). Calculate the 